64?
False
Is 27 a factor of 4908357?
True
Is 426 a factor of 14419265?
False
Is 1027 a factor of 650174187?
True
Is 685090402 a multiple of 82?
True
Does 69 divide 12832206?
True
Is 349 a factor of 1440610227?
True
Is 2187874476 a multiple of 20?
False
Does 9 divide 5540998?
False
Does 3151 divide 324323299?
False
Is 31239631 a multiple of 656?
False
Does 19 divide 2510649664?
True
Is 20586400 a multiple of 25?
True
Is 814 a factor of 2137602940?
False
Does 565 divide 1752159355?
True
Is 3 a factor of 516777?
True
Does 118 divide 16037616?
True
Is 519 a factor of 135826937?
False
Does 160 divide 277003520?
True
Is 8470314 a multiple of 16?
False
Is 511 a factor of 21733852?
True
Is 391070928 a multiple of 59?
False
Does 298 divide 9421726?
False
Is 14 a factor of 33021702?
True
Is 41 a factor of 172755263?
True
Is 4 a factor of 650799720?
True
Does 215 divide 133354479?
False
Is 355 a factor of 114329880?
True
Is 3155 a factor of 550247528?
False
Does 27 divide 27801711?
True
Is 238164777 a multiple of 228?
False
Is 41 a factor of 1409800293?
True
Is 166385992 a multiple of 344?
False
Is 12324158 a multiple of 20?
False
Is 307 a factor of 1448767?
False
Is 16 a factor of 1756558357?
False
Does 141 divide 785473917?
True
Does 31 divide 69297710?
True
Is 95851585 a multiple of 21?
False
Is 60461983 a multiple of 127?
False
Is 253 a factor of 160565613?
False
Is 84898137 a multiple of 35?
False
Is 23755191 a multiple of 13?
False
Is 251365486 a multiple of 13?
False
Is 180269309 a multiple of 254?
False
Is 77426440 a multiple of 364?
True
Is 430 a factor of 63753520?
True
Is 13 a factor of 1304776057?
True
Does 76 divide 367612608?
True
Is 39995628 a multiple of 102?
True
Does 1240 divide 25085200?
True
Is 3070800 a multiple of 450?
True
Is 244189028 a multiple of 1228?
True
Does 18 divide 516609187?
False
Does 6 divide 2066447175?
False
Is 17 a factor of 29074519?
False
Is 311508352 a multiple of 13?
False
Does 58 divide 134347546?
True
Is 420925259 a multiple of 103?
True
Is 313 a factor of 25260665?
True
Does 150 divide 51280597?
False
Does 2627 divide 185550264?
True
Is 154645002 a multiple of 146?
False
Does 389 divide 44402877?
False
Is 537083935 a multiple of 77?
False
Does 1015 divide 38440805?
False
Is 2566 a factor of 114881148?
False
Does 247 divide 655898949?
False
Is 163500217 a multiple of 103?
False
Is 3119872 a multiple of 5?
False
Is 12606094 a multiple of 34?
False
Is 81 a factor of 34145955?
True
Does 1602 divide 200831526?
True
Is 5115740 a multiple of 18?
False
Does 2309 divide 850007870?
False
Is 364723635 a multiple of 2151?
False
Does 95 divide 10238540?
False
Is 914 a factor of 10192954?
False
Is 164 a factor of 34883948?
True
Is 188204315 a multiple of 169?
True
Is 49552966 a multiple of 674?
False
Is 100460178 a multiple of 14?
True
Is 1721 a factor of 85928921?
False
Does 51 divide 120799146?
False
Does 76 divide 1800153?
False
Is 4391451 a multiple of 183?
True
Does 250 divide 483551322?
False
Is 180 a factor of 342647280?
True
Is 597372149 a multiple of 638?
False
Does 12 divide 3723160815?
False
Does 41 divide 498433679?
True
Is 5997 a factor of 245973525?
False
Is 2738 a factor of 846194855?
False
Does 144 divide 12799152?
True
Does 5228 divide 3088754680?
True
Does 123 divide 12201108?
True
Does 36 divide 52255332?
True
Does 22 divide 108854856?
True
Is 2304005496 a multiple of 598?
True
Does 23 divide 21351196?
False
Is 172072043 a multiple of 11?
True
Is 110 a factor of 22008800?
True
Is 32837948 a multiple of 23?
False
Is 16 a factor of 967297904?
True
Does 206 divide 710208690?
True
Is 20574530 a multiple of 38?
True
Is 52300613 a multiple of 907?
False
Is 64 a factor of 632623920?
False
Is 4 a factor of 1419368?
True
Does 714 divide 72198966?
True
Is 7776378 a multiple of 258?
True
Is 79604326 a multiple of 11?
False
Is 66 a factor of 200014584?
True
Is 1133763372 a multiple of 31?
True
Does 19 divide 1396324307?
True
Is 1671732 a multiple of 18?
True
Is 536 a factor of 61071144?
False
Does 63 divide 101984652?
True
Is 246042433 a multiple of 5327?
False
Is 89359125 a multiple of 375?
True
Is 34 a factor of 2751824?
True
Does 37 divide 1034694455?
True
Does 251 divide 67271514?
True
Does 29 divide 1966284?
False
Does 21 divide 161464422?
True
Is 9334713 even?
False
Does 12 divide 1025254536?
True
Is 697671378 a multiple of 14?
False
Is 12912405 a multiple of 1576?
False
Is 28 a factor of 798007399?
False
Does 2 divide 395700?
True
Does 556 divide 26496180?
True
Is 119139380 a multiple of 179?
False
Does 919 divide 907436533?
False
Is 1303 a factor of 1751758079?
False
Does 4 divide 37650875?
False
Is 2210510882 a multiple of 6922?
False
Is 26 a factor of 34424769?
False
Is 1947988985 a multiple of 807?
False
Is 40 a factor of 15357280?
True
Does 14 divide 55881455?
False
Is 328172676 a multiple of 1241?
False
Is 287427463 a multiple of 12?
False
Is 511318649 a multiple of 3?
False
Is 32799282 a multiple of 86?
True
Does 485 divide 286217415?
True
Is 220374088 a multiple of 14?
False
Does 1022 divide 180098884?
True
Is 5418 a factor of 126602406?
True
Is 2354209 a multiple of 143?
True
Does 379 divide 417279?
True
Is 214 a factor of 26258870?
True
Does 355 divide 151380520?
True
Is 68 a factor of 516429056?
False
Does 25 divide 3564539?
False
Does 1524 divide 59619542?
False
Is 1027 a factor of 4598906?
True
Is 437 a factor of 15815914?
False
Is 85218929 a multiple of 152?
False
Does 49 divide 1471940204?
True
Is 41639836 a multiple of 2126?
True
Is 5871925539 a multiple of 335?
False
Is 3864 a factor of 198087960?
True
Does 29 divide 23336687?
False
Is 2243 a factor of 502847293?
False
Does 10820 divide 1547567880?
False
Does 679 divide 54672105?
False
Is 858 a factor of 60671754?
True
Does 531 divide 58074939?
True
Is 34 a factor of 21849101?
False
Is 97524728 a multiple of 3723?
False
Does 1002 divide 794182082?
False
Does 281 divide 35178188?
False
Does 194 divide 15264662?
False
Does 6 divide 690181809?
False
Does 2758 divide 1870788110?
False
Is 36 a factor of 1003808124?
True
Does 10 divide 118742690?
True
Is 1604 a factor of 53876756?
True
Is 45751660 a multiple of 1354?
True
Is 505528296 a multiple of 2236?
True
Is 92 a factor of 370924772?
True
Is 92 a factor of 21432942?
False
Is 3879006 a multiple of 258?
False
Does 58 divide 180869578?
True
Is 5692165097 a multiple of 11?
False
Is 13489974 a multiple of 9?
True
Is 51009945 a multiple of 21?
True
Is 36 a factor of 10821312?
True
Is 38550780 a multiple of 90?
True
Does 551 divide 646138966?
True
Is 35 a factor of 655377905?
True
Is 44366284 a multiple of 28?
False
Is 24328854 a multiple of 261?
True
Is 11 a factor of 65069702?
False
Is 3439 a factor of 48964482?
True
Is 18 a factor of 17148271?
False
Is 414473535 a multiple of 789?
True
Does 5208 divide 1685480664?
True
Does 23 divide 226180235?
False
Does 15 divide 121051303?
False
Is 172100 a multiple of 717?
False
Does 25 divide 4295240142?
False
Does 19 divide 17515125?
False
Is 45 a factor of 31521095?
False
Does 25 divide 18555225?
True
Is 400 a factor of 148738452?
False
Is 168259112 a multiple of 174?
False
Is 417583300 a multiple of 86?
False
Is 48147986 a multiple of 127?
True
Is 212483008 a multiple of 19?
False
Is 4660 a factor of 2089064020?
True
Is 1500124710 a multiple of 21?
True
Does 16 divide 111595701?
False
Is 8 a factor of 33385252?
False
Does 836 divide 1884122460?
True
Is 82 a factor of 2424794017?
False
Is 3 a factor of 2271057?
True
Is 18 a factor of 55312380?
True
Is 681 a factor of 38925046?
False
Does 3 divide 401043?
True
Is 2000489355 a multiple of 32?
False
Is 703961294 a multiple of 2920?
False
Is 88 a factor of 422625456?
True
Is 36203009 even?
False
Is 3218229173 a multiple of 9278?
False
Is 290 a factor of 838858930?
True
Is 37069605 a multiple of 47?
True
Does 33 divide 118420497?
False
Is 1343 a factor of 144179108?
True
Is 30800024 a multiple of 6?
False
Is 7 a factor of 1236048401?
True
Is 1288680 a multiple of 30?
True
Does 766 divide 815953674?
False
Is 35 a factor of 574054905?
False
Does 133 divide 3537207?
False
Is 39148292 a multiple of 160?
False
Is 10 a factor of 116140051?
False
Is 30 a factor of 85357977?
False
Is 129645365 a multiple of 2512?
Fa